{"id":473,"date":"2020-08-12T12:39:57","date_gmt":"2020-08-12T10:39:57","guid":{"rendered":"https:\/\/kee.cp2.tuke.sk\/?page_id=473"},"modified":"2025-09-23T10:38:57","modified_gmt":"2025-09-23T08:38:57","slug":"modelovanie-v-elektroenergetike","status":"publish","type":"page","link":"https:\/\/kee.fei.tuke.sk\/?page_id=473","title":{"rendered":"Modelovanie v elektroenergetike"},"content":{"rendered":"\n<figure class=\"wp-block-table is-style-stripes\"><table><tbody><tr><td><strong>\u0160tudijn\u00fd odbor:<\/strong><\/td><td>Elektrotechnika<\/td><\/tr><tr><td><strong>\u0160tudijn\u00fd program:<\/strong><\/td><td>Elektroenergetika<\/td><\/tr><tr><td><strong>Rozsah:<\/strong><\/td><td>2\/2\/1 (P\/CL\/PP)<\/td><\/tr><tr><td><strong>Po\u010det kreditov:<\/strong><\/td><td>6<\/td><\/tr><tr><td><strong>Osoba zodpovedn\u00e1 za predmet:<\/strong><\/td><td>doc. Ing. Du\u0161an Medve\u010f, PhD.<\/td><\/tr><tr><td><strong>Predn\u00e1\u0161a:<\/strong><\/td><td>doc. Ing. Du\u0161an Medve\u010f, PhD.<\/td><\/tr><tr><td><strong>Cvi\u010d\u00ed:<\/strong><\/td><td>doc. Ing. Du\u0161an Medve\u010f, PhD.<\/td><\/tr><tr><td><strong>Podmie\u0148uj\u00face predmety:<\/strong><\/td><td>&#8211;<\/td><\/tr><tr><td><strong>Hodnotenie a ukon\u010denie:<\/strong><\/td><td>z\u00e1po\u010det a sk\u00fa\u0161ka.<\/td><\/tr><tr><td><strong>Priebe\u017en\u00e9 hodnotenie:<\/strong><\/td><td>2x test.<\/td><\/tr><tr><td><strong>Z\u00e1vere\u010dn\u00e9 hodnotenie:<\/strong><\/td><td>sk\u00fa\u0161ka.<\/td><\/tr><\/tbody><\/table><\/figure>\n\n\n\n<p><strong>Cie\u013e predmetu<\/strong>: \u0160tudent z\u00edska z\u00e1kladn\u00e9 vedomosti z oblasti modelovania prvkov elektriza\u010dnej s\u00fastavy, nau\u010d\u00ed sa pracova\u0165 s v\u00fdpo\u010dtov\u00fdm programom EMTP-ATP (alternative transient program) pre v\u00fdpo\u010det elektrick\u00fdch prvkov elektriza\u010dnej s\u00fastavy, zostavovan\u00edm modelov siet\u00ed a v\u00fdpo\u010dty \u010dasov\u00fdch priebehov r\u00f4znych prev\u00e1dzkov\u00fdch a poruchov\u00fdch stavov elektriza\u010dnej s\u00fastavy. \u010ealej \u0161tudent z\u00edska roz\u0161iruj\u00face vedomosti z oblasti prenosu elektrickej energie, a to z matematick\u00fdch modelov prvkov elektriza\u010dnej s\u00fastavy (ES) a z kompenz\u00e1cie a regul\u00e1cie nap\u00e4tia v ES.<\/p>\n\n\n\n<h4>Stru\u010dn\u00e1 osnova predmetu<\/h4>\n\n\n\n<p>1.&nbsp;&nbsp;&nbsp;&nbsp;V\u00fdpo\u010dtov\u00fd program EMTP-ATP, vlastnosti a mo\u017enosti pou\u017eitia pre rie\u0161enie \u00faloh v elektroenergetike.<\/p>\n\n\n\n<p>2.&nbsp;&nbsp;&nbsp;&nbsp;Modely prvkov elektriza\u010dnej s\u00fastavy v programe EMTP-ATP a ich pou\u017eitie.<\/p>\n\n\n\n<p>3.&nbsp;&nbsp;&nbsp;&nbsp;Jednof\u00e1zov\u00e9 a&nbsp;trojf\u00e1zov\u00e9 line\u00e1rne a neline\u00e1rne modely. Programy na podporu pr\u00e1ce s EMTP-ATP.<\/p>\n\n\n\n<p>4.&nbsp;&nbsp;&nbsp;&nbsp;Simul\u00e1cia line\u00e1rnych a neline\u00e1rnych premenn\u00fdch, \u00falohy a modely pre simulovanie riadiacich obvodov.<\/p>\n\n\n\n<p>5.&nbsp;&nbsp;&nbsp;&nbsp;Metodika rie\u0161enia elektromagnetick\u00fdch a elektromechanick\u00fdch prechodn\u00fdch javov.<\/p>\n\n\n\n<p>6.&nbsp;&nbsp;&nbsp;&nbsp;Matematick\u00e9 modely prvkov ES.<\/p>\n\n\n\n<p>7.&nbsp;&nbsp;&nbsp;&nbsp;V\u00fdkonov\u00e9 rovnice dia\u013ekov\u00e9ho prenosu.<\/p>\n\n\n\n<p>8.&nbsp;&nbsp;&nbsp;&nbsp;S\u00e9riov\u00e1 a paraleln\u00e1 kompenz\u00e1cia veden\u00ed.<\/p>\n\n\n\n<p>9.&nbsp;&nbsp;&nbsp;&nbsp;FACTS zariadenia.<\/p>\n\n\n\n<h4>\u010casov\u00fd rozvrh v\u00fdu\u010dby<\/h4>\n\n\n\n<p>1.&nbsp;&nbsp;&nbsp;&nbsp;\u00davod do predmetu, cie\u013e predmetu. Matematick\u00e9 modely prvkov ES.<br><strong>Cv<\/strong>.: Podmienky udelenia z\u00e1po\u010dtu, \u00favod k cvi\u010deniam. In\u0161tal\u00e1cia EMTP-ATP, Grafick\u00fd preprocesor ATPDraw, Grafick\u00fd postprocesor PlotXY. Rie\u0161enie obvodov s&nbsp;jednosmern\u00fdmi zdrojmi.<\/p>\n\n\n\n<p>2.&nbsp;&nbsp;&nbsp;&nbsp;Matematick\u00e9 modely prvkov ES. Programov\u00fd bal\u00edk EMTP-ATP, ATPDraw, PlotXY.<br><strong>Cv<\/strong>.: V\u00fdpo\u010det prvkov ES. Simul\u00e1cia 1-f\u00e1zov\u00fdch obvodov v EMTP-ATP.<\/p>\n\n\n\n<p>3.&nbsp;&nbsp;&nbsp;&nbsp;Matematick\u00e9 modely prvkov ES.<br><strong>Cv<\/strong>.: V\u00fdpo\u010det prvkov ES. Simul\u00e1cia 3-f\u00e1zov\u00fdch obvodov v EMTP-ATP.<\/p>\n\n\n\n<p>4.&nbsp;&nbsp;&nbsp;&nbsp;Modely transform\u00e1torov.<br><strong>Cv<\/strong>.: Simul\u00e1cia 3-f\u00e1zov\u00fdch transform\u00e1torov v&nbsp;EMTP-ATP.<\/p>\n\n\n\n<p>5.&nbsp;&nbsp;&nbsp;&nbsp;Vedenia s&nbsp;rozlo\u017een\u00fdmi parametrami &#8211; vlnov\u00e9 rovnice pri r\u00f4znych stavoch za\u0165a\u017eenia.<br><strong>Cv<\/strong>.: Rie\u0161enie parametrov prvkov ES vyu\u017eit\u00edm softv\u00e9ru MATLAB.<\/p>\n\n\n\n<p>6.&nbsp;&nbsp;&nbsp;&nbsp;Vedenia s rozlo\u017een\u00fdmi parametrami &#8211; v\u00fdkonov\u00e9 rovnice dia\u013ekov\u00e9ho prenosu.<br><strong>Cv<\/strong>.: Test \u010d. 1.<\/p>\n\n\n\n<p>7.&nbsp;&nbsp;&nbsp;&nbsp;Modelovanie elektrick\u00fdch zariaden\u00ed, 3-f\u00e1zov\u00fd model prenosovej linky, modely synchr\u00f3nnych gener\u00e1torov, modely z\u00e1\u0165a\u017e\u00ed.<br><strong>Cv<\/strong>.: Simul\u00e1cia prenosov\u00fdch veden\u00ed, synchr\u00f3nnych gener\u00e1torov a&nbsp;z\u00e1\u0165a\u017e\u00ed. Anal\u00fdza ES pri pripojovan\u00ed z\u00e1\u0165a\u017e\u00ed.<\/p>\n\n\n\n<p>8.&nbsp;&nbsp;&nbsp;&nbsp;S\u00e9riov\u00e1 a paraleln\u00e1 kompenz\u00e1cia elektrick\u00fdch veden\u00ed. Transpoz\u00edcia veden\u00ed.<br><strong>Cv<\/strong>.: Simul\u00e1cia vyu\u017eitia transpoz\u00edcie.<\/p>\n\n\n\n<p>9.&nbsp;&nbsp;&nbsp;&nbsp;Modely jednotliv\u00fdch FACTS zariaden\u00ed.<br><strong>Cv<\/strong>.: Meranie v&nbsp;laborat\u00f3riu SmartIndustryLab \u2013 Meranie vybran\u00fdch veli\u010d\u00edn prvkov ES a&nbsp;porovnanie s&nbsp;prisl\u00fachaj\u00facimi matematick\u00fdmi modelmi prvkov v&nbsp;EMTP\u2013ATP.<\/p>\n\n\n\n<p>10.&nbsp;Modelovanie elektromagnetick\u00fdch prechodn\u00fdch javov.<br><strong>Cv<\/strong>.: S\u00e9riov\u00e1 a&nbsp;paraleln\u00e1 kompenz\u00e1cia elektrick\u00fdch veden\u00ed a&nbsp;z\u00e1\u0165a\u017e\u00ed. Filtre vy\u0161\u0161\u00edch harmonick\u00fdch.<\/p>\n\n\n\n<p>11.&nbsp;Modelovanie elektromagnetick\u00fdch prechodn\u00fdch javov s polovodi\u010dov\u00fdmi zariadeniami.<br><strong>Cv<\/strong>.: 3-f\u00e1zov\u00e9 v\u00fdkonov\u00e9 meni\u010de a&nbsp;FACTS zariadenia.<\/p>\n\n\n\n<p>12.&nbsp;Modelovanie elektromagnetick\u00fdch prechodn\u00fdch javov s polovodi\u010dov\u00fdmi zariadeniami. Prev\u00e1dzka siete pri vyp\u00ednan\u00ed kapacitn\u00fdch pr\u00fadov. Preru\u0161enie induk\u010dn\u00e9ho pr\u00fadu.<br><strong>Cv<\/strong>.: Test \u010d. 2.<\/p>\n\n\n\n<p>13.&nbsp;Modelovanie stability syst\u00e9mu.<br><strong>Cv<\/strong>.: Udelenie z\u00e1po\u010dtu.<\/p>\n\n\n\n<h4>Odpor\u00fa\u010dan\u00e1 literat\u00fara:<\/h4>\n\n\n\n<ol type=\"1\"><li>Arrillaga, J., Watson, N. R.:&nbsp;<em>Computer modelling of electrical power systems<\/em>. In.: John Wiley &amp; Sons. ISBN 0-471-87249-0.<\/li><li>Saadat, H.:&nbsp;<em>Power system analysis<\/em>. Mc Graw Hill, 2004. ISBN 007-123955-3.<\/li><li>Kizilcay, M.:&nbsp;<em>Power System Transients and their Computation<\/em>. University of Applied Sciences of Osnabruck. Germany.<\/li><li>Eiichi Haginomori, Tadashi Koshiduka, Junichi Arai, Hisatochi Ikeda:&nbsp;<em>Power System Transient Analysis: Theory and Practice using Simulation Programs (ATP-EMTP)<\/em>. February 2016 280 Pages. ISBN: 978-1-118-73745-3.<\/li><li>Varga, L.:&nbsp;<em>Modely prvkov elektriza\u010dnej s\u00fastavy<\/em>.<\/li><li>Medve\u010f, D. &#8211; Hvizdo\u0161, M.:&nbsp;<em>Modelovanie v prostred\u00ed EMTP \u2013 ATP<\/em>. 1. vyd. &#8211; Ko\u0161ice : TU &#8211; 2011. &#8211; 74 s. &#8211; ISBN 978-80-553-0776-3.<\/li><li>Medve\u010f, D.:&nbsp;<em>Modelovanie v&nbsp;elektroenergetike &#8211; Zbierka pr\u00edkladov I<\/em>. Vydal: Technick\u00e1 univerzita v Ko\u0161iciach, 2012. 204 s. ISBN 978-80-553-1188-3.<\/li><li>Medve\u010f, D.:&nbsp;<em>Simulation in Electric Power System \u2013 A collection of exercises 1<\/em>. Ko\u0161ice: TU 2017. 226 p., ISBN 978-80-553-3142-3.<\/li><li>Manu\u00e1ly k&nbsp;softv\u00e9rom.<\/li><\/ol>\n","protected":false},"excerpt":{"rendered":"<p>\u0160tudijn\u00fd odbor: Elektrotechnika \u0160tudijn\u00fd program: Elektroenergetika Rozsah: 2\/2\/1 (P\/CL\/PP) Po\u010det kreditov: 6 Osoba zodpovedn\u00e1 za predmet: doc. Ing. Du\u0161an Medve\u010f, PhD. Predn\u00e1\u0161a: doc. Ing. Du\u0161an&hellip;<\/p>\n","protected":false},"author":1,"featured_media":0,"parent":448,"menu_order":0,"comment_status":"closed","ping_status":"closed","template":"","meta":[],"_links":{"self":[{"href":"https:\/\/kee.fei.tuke.sk\/index.php?rest_route=\/wp\/v2\/pages\/473"}],"collection":[{"href":"https:\/\/kee.fei.tuke.sk\/index.php?rest_route=\/wp\/v2\/pages"}],"about":[{"href":"https:\/\/kee.fei.tuke.sk\/index.php?rest_route=\/wp\/v2\/types\/page"}],"author":[{"embeddable":true,"href":"https:\/\/kee.fei.tuke.sk\/index.php?rest_route=\/wp\/v2\/users\/1"}],"replies":[{"embeddable":true,"href":"https:\/\/kee.fei.tuke.sk\/index.php?rest_route=%2Fwp%2Fv2%2Fcomments&post=473"}],"version-history":[{"count":3,"href":"https:\/\/kee.fei.tuke.sk\/index.php?rest_route=\/wp\/v2\/pages\/473\/revisions"}],"predecessor-version":[{"id":2578,"href":"https:\/\/kee.fei.tuke.sk\/index.php?rest_route=\/wp\/v2\/pages\/473\/revisions\/2578"}],"up":[{"embeddable":true,"href":"https:\/\/kee.fei.tuke.sk\/index.php?rest_route=\/wp\/v2\/pages\/448"}],"wp:attachment":[{"href":"https:\/\/kee.fei.tuke.sk\/index.php?rest_route=%2Fwp%2Fv2%2Fmedia&parent=473"}],"curies":[{"name":"wp","href":"https:\/\/api.w.org\/{rel}","templated":true}]}}