{"id":225,"date":"2020-01-22T14:52:58","date_gmt":"2020-01-22T13:52:58","guid":{"rendered":"https:\/\/kee.cp2.tuke.sk\/?page_id=225"},"modified":"2025-12-08T15:35:21","modified_gmt":"2025-12-08T14:35:21","slug":"publikacie","status":"publish","type":"page","link":"https:\/\/kee.fei.tuke.sk\/?page_id=225","title":{"rendered":"Publik\u00e1cie"},"content":{"rendered":"\n<h3><strong>Univerzitn\u00e1 kni\u017enica<\/strong><\/h3>\n\n\n\n<h5><a href=\"https:\/\/epc.portal.tuke.sk\/#\/vystupy\"><strong>Publika\u010dn\u00e1 \u010dinnos\u0165 zamestnancov Katedry elektroenergetiky<\/strong><\/a>&nbsp;je evidovan\u00e1 v centr\u00e1lnom informa\u010dnom syst\u00e9me evidencie publika\u010dnej \u010dinnosti (EPC) Technickej univerzity v Ko\u0161iciach (TUKE). Vstupy na spracovanie sa priebe\u017ene aktualizuj\u00fa po\u010das roka a zad\u00e1vaj\u00fa ich autori z TUKE.<\/h5>\n\n\n\n<p><a href=\"https:\/\/kee.fei.tuke.sk\/?page_id=2350\"><strong>Publik\u00e1cie katedry za obdobie 2020-2024<\/strong><\/a><\/p>\n\n\n\n<h3><strong>Katedrov\u00e9  online \u010dasopisy<\/strong><\/h3>\n\n\n\n<ul><li><a href=\"http:\/\/jeen.fei.tuke.sk\/index.php\/JSES\"><strong>Starnutie izola\u010dn\u00fdch materi\u00e1lov<\/strong><\/a>\u00a0(SES) (2006-2020)<\/li><li><a href=\"https:\/\/eejournal.fei.tuke.sk\/index.php\/jeen\/index\" target=\"_blank\" rel=\"noreferrer noopener\"><strong>Elektroenergetika<\/strong><\/a>\u00a0(EEN)<\/li><\/ul>\n\n\n\n<p><\/p>\n","protected":false},"excerpt":{"rendered":"<p>Univerzitn\u00e1 kni\u017enica Publika\u010dn\u00e1 \u010dinnos\u0165 zamestnancov Katedry elektroenergetiky&nbsp;je evidovan\u00e1 v centr\u00e1lnom informa\u010dnom syst\u00e9me evidencie publika\u010dnej \u010dinnosti (EPC) Technickej univerzity v Ko\u0161iciach (TUKE). Vstupy na spracovanie sa&hellip;<\/p>\n","protected":false},"author":1,"featured_media":0,"parent":0,"menu_order":0,"comment_status":"closed","ping_status":"closed","template":"","meta":[],"_links":{"self":[{"href":"https:\/\/kee.fei.tuke.sk\/index.php?rest_route=\/wp\/v2\/pages\/225"}],"collection":[{"href":"https:\/\/kee.fei.tuke.sk\/index.php?rest_route=\/wp\/v2\/pages"}],"about":[{"href":"https:\/\/kee.fei.tuke.sk\/index.php?rest_route=\/wp\/v2\/types\/page"}],"author":[{"embeddable":true,"href":"https:\/\/kee.fei.tuke.sk\/index.php?rest_route=\/wp\/v2\/users\/1"}],"replies":[{"embeddable":true,"href":"https:\/\/kee.fei.tuke.sk\/index.php?rest_route=%2Fwp%2Fv2%2Fcomments&post=225"}],"version-history":[{"count":9,"href":"https:\/\/kee.fei.tuke.sk\/index.php?rest_route=\/wp\/v2\/pages\/225\/revisions"}],"predecessor-version":[{"id":2615,"href":"https:\/\/kee.fei.tuke.sk\/index.php?rest_route=\/wp\/v2\/pages\/225\/revisions\/2615"}],"wp:attachment":[{"href":"https:\/\/kee.fei.tuke.sk\/index.php?rest_route=%2Fwp%2Fv2%2Fmedia&parent=225"}],"curies":[{"name":"wp","href":"https:\/\/api.w.org\/{rel}","templated":true}]}}