{"id":207,"date":"2020-01-22T14:42:13","date_gmt":"2020-01-22T13:42:13","guid":{"rendered":"https:\/\/kee.cp2.tuke.sk\/?page_id=207"},"modified":"2024-11-18T13:20:15","modified_gmt":"2024-11-18T12:20:15","slug":"vedenie-katedry","status":"publish","type":"page","link":"https:\/\/kee.fei.tuke.sk\/?page_id=207","title":{"rendered":"Vedenie katedry"},"content":{"rendered":"\n<h2>Vedenie<\/h2>\n\n\n\n<figure class=\"wp-block-table\"><table><tbody><tr><td><strong>Ved\u00faci katedry:<\/strong><\/td><td>prof. Ing.&nbsp;<strong>Roman Cimbala<\/strong>, PhD.<\/td><td><a href=\"mailto:roman.cimbala@tuke.sk\" target=\"_blank\" rel=\"noreferrer noopener\">kontakt<\/a><\/td><\/tr><tr><td><strong>Z\u00e1stupca ved\u00faceho katedry:<\/strong><\/td><td> doc. Ing.\u00a0<strong>Marek Pavl\u00edk<\/strong>, PhD., MBA <\/td><td><a href=\"mailto:marek.pavlik@tuke.sk\" target=\"_blank\" rel=\"noreferrer noopener\">kontakt<\/a><\/td><\/tr><tr><td><strong>Tajomn\u00edk katedry:<\/strong><\/td><td>Ing.&nbsp;<strong>Samuel Bucko<\/strong>, PhD.<\/td><td><a href=\"mailto:samuel.bucko@tuke.sk\" target=\"_blank\" rel=\"noreferrer noopener\">kontakt<\/a><\/td><\/tr><tr><td> <strong>\u0160tudijn\u00fd poradca pre Bc. a Ing. \u0161t\u00fadium:<\/strong><\/td><td> doc. Ing.&nbsp;<strong>Jaroslav D\u017emura<\/strong>, PhD. <\/td><td><a href=\"mailto:jaroslav.dzmura@tuke.sk\" data-type=\"mailto\" target=\"_blank\" rel=\"noreferrer noopener\">kontakt<\/a> <\/td><\/tr><\/tbody><\/table><\/figure>\n\n\n\n<p>Katedra Elektroenergetiky<\/p>\n\n\n\n<p>M\u00e4siarska 74<\/p>\n\n\n\n<p>042 00 Ko\u0161ice<\/p>\n","protected":false},"excerpt":{"rendered":"<p>Vedenie Ved\u00faci katedry: prof. Ing.&nbsp;Roman Cimbala, PhD. kontakt Z\u00e1stupca ved\u00faceho katedry: doc. Ing.\u00a0Marek Pavl\u00edk, PhD., MBA kontakt Tajomn\u00edk katedry: Ing.&nbsp;Samuel Bucko, PhD. kontakt \u0160tudijn\u00fd poradca&hellip;<\/p>\n","protected":false},"author":1,"featured_media":0,"parent":0,"menu_order":0,"comment_status":"closed","ping_status":"closed","template":"","meta":[],"_links":{"self":[{"href":"https:\/\/kee.fei.tuke.sk\/index.php?rest_route=\/wp\/v2\/pages\/207"}],"collection":[{"href":"https:\/\/kee.fei.tuke.sk\/index.php?rest_route=\/wp\/v2\/pages"}],"about":[{"href":"https:\/\/kee.fei.tuke.sk\/index.php?rest_route=\/wp\/v2\/types\/page"}],"author":[{"embeddable":true,"href":"https:\/\/kee.fei.tuke.sk\/index.php?rest_route=\/wp\/v2\/users\/1"}],"replies":[{"embeddable":true,"href":"https:\/\/kee.fei.tuke.sk\/index.php?rest_route=%2Fwp%2Fv2%2Fcomments&post=207"}],"version-history":[{"count":14,"href":"https:\/\/kee.fei.tuke.sk\/index.php?rest_route=\/wp\/v2\/pages\/207\/revisions"}],"predecessor-version":[{"id":2276,"href":"https:\/\/kee.fei.tuke.sk\/index.php?rest_route=\/wp\/v2\/pages\/207\/revisions\/2276"}],"wp:attachment":[{"href":"https:\/\/kee.fei.tuke.sk\/index.php?rest_route=%2Fwp%2Fv2%2Fmedia&parent=207"}],"curies":[{"name":"wp","href":"https:\/\/api.w.org\/{rel}","templated":true}]}}