{"id":193,"date":"2020-01-22T14:33:24","date_gmt":"2020-01-22T13:33:24","guid":{"rendered":"https:\/\/kee.cp2.tuke.sk\/?page_id=193"},"modified":"2026-03-10T10:22:18","modified_gmt":"2026-03-10T09:22:18","slug":"statnice-inzinierske-studium","status":"publish","type":"page","link":"https:\/\/kee.fei.tuke.sk\/?page_id=193","title":{"rendered":"\u0160t\u00e1tnice In\u017einierske \u0161t\u00fadium"},"content":{"rendered":"\n<h3> \u0160t\u00e1tnice 2025\/2026<\/h3>\n\n\n\n<p><\/p>\n\n\n\n<p><a href=\"https:\/\/www.lib.tuke.sk\/#\/etd\" target=\"_blank\" rel=\"noreferrer noopener\"><strong>Z\u00e1vere\u010dn\u00e9 pr\u00e1ce<\/strong><\/a>: kontrola zhody dokumentov, registr\u00e1cia ZP, \u0161abl\u00f3na ZP.<\/p>\n\n\n\n<p>\u0160t\u00e1tne sk\u00fa\u0161ky pre in\u017einierske \u0161t\u00fadium (2. stupe\u0148): <strong>25.05.2026. <\/strong><\/p>\n\n\n\n<p>Term\u00edn odovzdania pr\u00e1c do kni\u017enice je do <strong>24.4.2026<\/strong>.<\/p>\n\n\n\n<p>Pr\u00edstup do syst\u00e9mu <a rel=\"noreferrer noopener\" href=\"https:\/\/prace-kee.fei.tuke.sk\/\" target=\"_blank\"><strong>GIT<\/strong><\/a><\/p>\n\n\n\n<p>Tematick\u00e9 okruhy \u0161t\u00e1tnej sk\u00fa\u0161ky (\u0161k.rok 2025\/2026)&nbsp;<a rel=\"noreferrer noopener\" href=\"https:\/\/kee.fei.tuke.sk\/images\/dokumenty\/okruhy\/okruhy-tm-ING.pdf\" target=\"_blank\"><strong>2. <\/strong><\/a><a href=\"https:\/\/kee.fei.tuke.sk\/wp-content\/uploads\/2026\/03\/okruhy-tem-SS-v-2-stupni-Ing.-studia-2025_26.pdf\" data-type=\"URL\" target=\"_blank\" rel=\"noreferrer noopener\"><strong>stupe\u0148<\/strong><\/a><\/p>\n\n\n\n<p>Priradenie okruhov \u0160S pre in\u017einierske \u0161t\u00fadium: <strong>Rozdelenie okruhov<\/strong> \u00b4<\/p>\n\n\n\n<p>Pracovn\u00fd pl\u00e1n &#8211; \u0161t\u00e1tnicov\u00e9 sk\u00fa\u0161ky (work plan):&nbsp;<strong>Pracovn\u00fd pl\u00e1n <\/strong><\/p>\n\n\n\n<p>D\u013a\u017eka prezent\u00e1cie diplomovej pr\u00e1ce je max. 10 min\u00fat, v \u0161trukt\u00fare: stru\u010dne \u00favod, a hlavne sa venova\u0165 svojej praktickej \u010dasti<\/p>\n\n\n\n<p><strong><strong>S\u00fahlas so spracovan\u00edm osobn\u00fdch \u00fadajov absolventa<\/strong> (v zmysle <a href=\"https:\/\/tuke.sk\/sk\/ochrana-osobnych-udajov\" target=\"_blank\" rel=\"noreferrer noopener\">GDPR<\/a>) &#8211;<\/strong> je potrebn\u00e9 ma\u0165 ozna\u010den\u00fd s\u00fahlas v syst\u00e9me Mais. <\/p>\n\n\n\n<p>Potvrdenia o ukon\u010den\u00ed \u0161t\u00fadia si m\u00f4\u017eete vyzdvihn\u00fa\u0165 po absolvovan\u00ed \u0161t\u00e1tnej sk\u00fa\u0161ky priamo v komisii spolu s v\u00fdtla\u010dkom diplomovej pr\u00e1ce. <\/p>\n\n\n\n<p>\u0160tudent, ktor\u00fd m\u00e1 priemer \u0161t\u00fadia 91 bodov a viac a bude hodnoten\u00fd na \u0160ZS za diplomov\u00fa pr\u00e1cu a aj predmet zn\u00e1mkou A, bude celkovo hodnoten\u00fd za \u0161t\u00fadium prospel s vyznamenan\u00edm.<\/p>\n\n\n\n<p><\/p>\n\n\n\n<p>V zmysle rozhodnutia dekana FEI TUKE sa sl\u00e1vnostn\u00e1 prom\u00f3cia 2025 uskuto\u010dn\u00ed v j\u00fani <strong>2026, <\/strong> d\u00e1tum bude upresnen\u00fd.<\/p>\n\n\n\n<p><\/p>\n","protected":false},"excerpt":{"rendered":"<p>\u0160t\u00e1tnice 2025\/2026 Z\u00e1vere\u010dn\u00e9 pr\u00e1ce: kontrola zhody dokumentov, registr\u00e1cia ZP, \u0161abl\u00f3na ZP. \u0160t\u00e1tne sk\u00fa\u0161ky pre in\u017einierske \u0161t\u00fadium (2. stupe\u0148): 25.05.2026. Term\u00edn odovzdania pr\u00e1c do kni\u017enice je&hellip;<\/p>\n","protected":false},"author":1,"featured_media":0,"parent":0,"menu_order":0,"comment_status":"closed","ping_status":"closed","template":"","meta":[],"_links":{"self":[{"href":"https:\/\/kee.fei.tuke.sk\/index.php?rest_route=\/wp\/v2\/pages\/193"}],"collection":[{"href":"https:\/\/kee.fei.tuke.sk\/index.php?rest_route=\/wp\/v2\/pages"}],"about":[{"href":"https:\/\/kee.fei.tuke.sk\/index.php?rest_route=\/wp\/v2\/types\/page"}],"author":[{"embeddable":true,"href":"https:\/\/kee.fei.tuke.sk\/index.php?rest_route=\/wp\/v2\/users\/1"}],"replies":[{"embeddable":true,"href":"https:\/\/kee.fei.tuke.sk\/index.php?rest_route=%2Fwp%2Fv2%2Fcomments&post=193"}],"version-history":[{"count":57,"href":"https:\/\/kee.fei.tuke.sk\/index.php?rest_route=\/wp\/v2\/pages\/193\/revisions"}],"predecessor-version":[{"id":2663,"href":"https:\/\/kee.fei.tuke.sk\/index.php?rest_route=\/wp\/v2\/pages\/193\/revisions\/2663"}],"wp:attachment":[{"href":"https:\/\/kee.fei.tuke.sk\/index.php?rest_route=%2Fwp%2Fv2%2Fmedia&parent=193"}],"curies":[{"name":"wp","href":"https:\/\/api.w.org\/{rel}","templated":true}]}}