{"id":190,"date":"2020-01-22T14:31:01","date_gmt":"2020-01-22T13:31:01","guid":{"rendered":"https:\/\/kee.cp2.tuke.sk\/?page_id=190"},"modified":"2025-06-16T15:12:18","modified_gmt":"2025-06-16T13:12:18","slug":"statnice-bakalarske-studium","status":"publish","type":"page","link":"https:\/\/kee.fei.tuke.sk\/?page_id=190","title":{"rendered":"\u0160t\u00e1tnice Bakal\u00e1rske \u0161t\u00fadium"},"content":{"rendered":"\n<h3>\u0160t\u00e1tnice 2024\/2025<\/h3>\n\n\n\n<h3><strong>Oznam:<\/strong><\/h3>\n\n\n\n<p>\u0160t\u00e1tnice v bakal\u00e1rskom \u0161t\u00fadiu sa bud\u00fa kona\u0165<strong> <\/strong>d\u0148a<strong> 17.06.2025. <\/strong><\/p>\n\n\n\n<p><a rel=\"noreferrer noopener\" href=\"https:\/\/www.lib.tuke.sk\/#\/etd\" target=\"_blank\"><strong>Z\u00e1vere\u010dn\u00e9 pr\u00e1ce<\/strong><\/a>: kontrola zhody dokumentov, registr\u00e1cia ZP, \u0161abl\u00f3na ZP.<\/p>\n\n\n\n<p>Pr\u00edstup do syst\u00e9mu <a href=\"https:\/\/prace-kee.fei.tuke.sk\/\" target=\"_blank\" rel=\"noreferrer noopener\"><strong>GIT<\/strong><\/a><\/p>\n\n\n\n<p>Term\u00edn odovzdania pr\u00e1c do kni\u017enice je do <strong>23.5.2025<\/strong>.<\/p>\n\n\n\n<p>D\u013a\u017eka prezent\u00e1cie bakal\u00e1rskej pr\u00e1ce je max. 10 min\u00fat, v \u0161trukt\u00fare: stru\u010dne \u00favod, a hlavne sa venova\u0165 svojej praktickej \u010dasti<\/p>\n\n\n\n<p>Potvrdenia o ukon\u010den\u00ed \u0161t\u00fadia si m\u00f4\u017eete vyzdvihn\u00fa\u0165 po absolvovan\u00ed \u0161t\u00e1tnej sk\u00fa\u0161ky priamo v komisii spolu s v\u00fdtla\u010dkom bakal\u00e1rskej pr\u00e1ce.<\/p>\n\n\n\n<p><strong>S\u00fahlas so spracovan\u00edm osobn\u00fdch \u00fadajov absolventa<\/strong> (v zmysle <a href=\"https:\/\/tuke.sk\/sk\/ochrana-osobnych-udajov\" target=\"_blank\" rel=\"noreferrer noopener\">GDPR<\/a>) &#8211; je potrebn\u00e9 ma\u0165 ozna\u010den\u00fd s\u00fahlas v syst\u00e9me Mais.<\/p>\n\n\n\n<p>\u0160tudent, ktor\u00fd m\u00e1 priemer \u0161t\u00fadia 91 bodov a viac a bude hodnoten\u00fd na \u0160ZS za bakal\u00e1rsku pr\u00e1cu zn\u00e1mkou A, bude celkovo hodnoten\u00fd za \u0161t\u00fadium prospel s vyznamenan\u00edm.<\/p>\n\n\n\n<p>D\u00e1tum aj sp\u00f4sob odovzdania bakal\u00e1rskych diplomov upresn\u00ed \u0161tudijn\u00e9 oddelenie nesk\u00f4r.<\/p>\n\n\n\n<p><strong>Pracovn\u00fd pl\u00e1n \u2013 \u0161t\u00e1tnicov\u00e9 sk\u00fa\u0161ky: &#8211; <a rel=\"noreferrer noopener\" href=\"https:\/\/kee.fei.tuke.sk\/wp-content\/uploads\/2025\/06\/BC-denni-prac.plan-2025.pdf\" target=\"_blank\">Pracovn\u00fd pl\u00e1n<\/a><\/strong> <\/p>\n","protected":false},"excerpt":{"rendered":"<p>\u0160t\u00e1tnice 2024\/2025 Oznam: \u0160t\u00e1tnice v bakal\u00e1rskom \u0161t\u00fadiu sa bud\u00fa kona\u0165 d\u0148a 17.06.2025. Z\u00e1vere\u010dn\u00e9 pr\u00e1ce: kontrola zhody dokumentov, registr\u00e1cia ZP, \u0161abl\u00f3na ZP. Pr\u00edstup do syst\u00e9mu GIT&hellip;<\/p>\n","protected":false},"author":1,"featured_media":0,"parent":0,"menu_order":0,"comment_status":"closed","ping_status":"closed","template":"","meta":[],"_links":{"self":[{"href":"https:\/\/kee.fei.tuke.sk\/index.php?rest_route=\/wp\/v2\/pages\/190"}],"collection":[{"href":"https:\/\/kee.fei.tuke.sk\/index.php?rest_route=\/wp\/v2\/pages"}],"about":[{"href":"https:\/\/kee.fei.tuke.sk\/index.php?rest_route=\/wp\/v2\/types\/page"}],"author":[{"embeddable":true,"href":"https:\/\/kee.fei.tuke.sk\/index.php?rest_route=\/wp\/v2\/users\/1"}],"replies":[{"embeddable":true,"href":"https:\/\/kee.fei.tuke.sk\/index.php?rest_route=%2Fwp%2Fv2%2Fcomments&post=190"}],"version-history":[{"count":32,"href":"https:\/\/kee.fei.tuke.sk\/index.php?rest_route=\/wp\/v2\/pages\/190\/revisions"}],"predecessor-version":[{"id":2519,"href":"https:\/\/kee.fei.tuke.sk\/index.php?rest_route=\/wp\/v2\/pages\/190\/revisions\/2519"}],"wp:attachment":[{"href":"https:\/\/kee.fei.tuke.sk\/index.php?rest_route=%2Fwp%2Fv2%2Fmedia&parent=190"}],"curies":[{"name":"wp","href":"https:\/\/api.w.org\/{rel}","templated":true}]}}