{"id":1894,"date":"2023-09-14T15:32:07","date_gmt":"2023-09-14T13:32:07","guid":{"rendered":"https:\/\/kee.fei.tuke.sk\/?page_id=1894"},"modified":"2024-01-29T17:07:44","modified_gmt":"2024-01-29T16:07:44","slug":"laboratorium-plynnych-izolantov","status":"publish","type":"page","link":"https:\/\/kee.fei.tuke.sk\/?page_id=1894","title":{"rendered":"Laborat\u00f3rium plynn\u00fdch izolantov"},"content":{"rendered":"\n<p>Ved\u00faci laborat\u00f3ria: <strong>Ing. J\u00e1n Zbojovsk\u00fd, PhD.<\/strong><\/p>\n\n\n\n<p>Laborat\u00f3rium je zameran\u00e9 na v\u00fdskumn\u00e9 \u00fa\u010dely, laborat\u00f3rne sk\u00fa\u0161anie a testovanie pre priemysel, ako aj pre \u00fa\u010dely v\u00fduky na Katedre elektroenergetiky. V\u00fdskumn\u00e1 \u010das\u0165 je zameran\u00e1 na sk\u00famanie elektrickej prieraznej pevnosti plynn\u00fdch izolantov v mierne nehomog\u00e9nnom a silne nehomog\u00e9nnom elektrickom poli pri zmene tlaku plynu. V\u00fduka v laborat\u00f3riu pre \u0161tudentov je zameran\u00e1 na praktick\u00e9 laborat\u00f3rne cvi\u010denia s cie\u013eom overovania teoretick\u00fdch znalost\u00ed a z\u00edskania zru\u010dnost\u00ed s meracou technikou. Laborat\u00f3rne cvi\u010denia sa realizuj\u00fa pre \u0161tudentov bakal\u00e1rskeho \u0161t\u00fadia z t\u00fdchto predmetov: Technika vysok\u00fdch nap\u00e4t\u00ed.<\/p>\n\n\n\n<figure class=\"wp-block-image size-large\"><img loading=\"lazy\" width=\"1024\" height=\"576\" src=\"https:\/\/kee.fei.tuke.sk\/wp-content\/uploads\/2023\/09\/obrazok-1024x576.png\" alt=\"\" class=\"wp-image-1895\" srcset=\"https:\/\/kee.fei.tuke.sk\/wp-content\/uploads\/2023\/09\/obrazok-1024x576.png 1024w, https:\/\/kee.fei.tuke.sk\/wp-content\/uploads\/2023\/09\/obrazok-300x169.png 300w, https:\/\/kee.fei.tuke.sk\/wp-content\/uploads\/2023\/09\/obrazok-768x432.png 768w, https:\/\/kee.fei.tuke.sk\/wp-content\/uploads\/2023\/09\/obrazok-1536x864.png 1536w, https:\/\/kee.fei.tuke.sk\/wp-content\/uploads\/2023\/09\/obrazok.png 2000w\" sizes=\"(max-width: 1024px) 100vw, 1024px\" \/><\/figure>\n","protected":false},"excerpt":{"rendered":"<p>Ved\u00faci laborat\u00f3ria: Ing. J\u00e1n Zbojovsk\u00fd, PhD. Laborat\u00f3rium je zameran\u00e9 na v\u00fdskumn\u00e9 \u00fa\u010dely, laborat\u00f3rne sk\u00fa\u0161anie a testovanie pre priemysel, ako aj pre \u00fa\u010dely v\u00fduky na Katedre&hellip;<\/p>\n","protected":false},"author":1,"featured_media":0,"parent":0,"menu_order":0,"comment_status":"closed","ping_status":"closed","template":"","meta":[],"_links":{"self":[{"href":"https:\/\/kee.fei.tuke.sk\/index.php?rest_route=\/wp\/v2\/pages\/1894"}],"collection":[{"href":"https:\/\/kee.fei.tuke.sk\/index.php?rest_route=\/wp\/v2\/pages"}],"about":[{"href":"https:\/\/kee.fei.tuke.sk\/index.php?rest_route=\/wp\/v2\/types\/page"}],"author":[{"embeddable":true,"href":"https:\/\/kee.fei.tuke.sk\/index.php?rest_route=\/wp\/v2\/users\/1"}],"replies":[{"embeddable":true,"href":"https:\/\/kee.fei.tuke.sk\/index.php?rest_route=%2Fwp%2Fv2%2Fcomments&post=1894"}],"version-history":[{"count":2,"href":"https:\/\/kee.fei.tuke.sk\/index.php?rest_route=\/wp\/v2\/pages\/1894\/revisions"}],"predecessor-version":[{"id":1961,"href":"https:\/\/kee.fei.tuke.sk\/index.php?rest_route=\/wp\/v2\/pages\/1894\/revisions\/1961"}],"wp:attachment":[{"href":"https:\/\/kee.fei.tuke.sk\/index.php?rest_route=%2Fwp%2Fv2%2Fmedia&parent=1894"}],"curies":[{"name":"wp","href":"https:\/\/api.w.org\/{rel}","templated":true}]}}