{"id":1718,"date":"2022-09-28T07:24:53","date_gmt":"2022-09-28T05:24:53","guid":{"rendered":"https:\/\/kee.fei.tuke.sk\/?page_id=1718"},"modified":"2022-09-28T10:13:44","modified_gmt":"2022-09-28T08:13:44","slug":"nadacia-vse-inovacia-vyucby-z-oblasti-elektrickych-ochran-v-studijnom-programe-elektroenergetika","status":"publish","type":"page","link":"https:\/\/kee.fei.tuke.sk\/?page_id=1718","title":{"rendered":"Nad\u00e1cia VSE, Inov\u00e1cia v\u00fdu\u010dby z oblasti elektrick\u00fdch ochr\u00e1n v \u0161tudijnom programe &#8222;Elektroenergetika&#8220;"},"content":{"rendered":"\n<div class=\"wp-block-image\"><figure class=\"aligncenter\"><img src=\"https:\/\/kee.fei.tuke.sk\/wp-content\/uploads\/2022\/09\/obrazok.png\" alt=\"Obr\u00e1zok m\u00e1 pr\u00e1zdny alt atrib\u00fat; jeho n\u00e1zov je obrazok.png\"\/><\/figure><\/div>\n\n\n\n<p>V\u010faka nad\u00e1cii VSE v&nbsp;r\u00e1mci projektu \u201eInov\u00e1cia v\u00fdu\u010dby z oblasti elektrick\u00fdch ochr\u00e1n v \u0161tudijnom programe &#8222;Elektroenergetika&#8220;\u201c sa na katedre elektroenergetiky vytvorili nov\u00e9 meracie pracovisk\u00e1 v&nbsp;laborat\u00f3riu elektrick\u00fdch ochr\u00e1n. Hlavn\u00fdm pr\u00ednosom projektu je podpora vzdel\u00e1vania nov\u00fdch gener\u00e1ci\u00ed energetikov. Z\u00edskaj\u00fa zru\u010dnosti, ktor\u00e9 bud\u00fa m\u00f4c\u0165 vyu\u017ei\u0165 vo svojej bud\u00facej kari\u00e9re \u010d\u00edm prispej\u00fa k rozvoju celej spolo\u010dnosti. Katedra z\u00edskala modern\u00e9 laborat\u00f3rium, kde bude mo\u017ene v nasleduj\u00facich rokoch vzdel\u00e1va\u0165 mnoho \u010fal\u0161\u00edch odborn\u00edkov.<\/p>\n\n\n\n<figure class=\"wp-block-image size-large\"><img loading=\"lazy\" width=\"1024\" height=\"766\" src=\"https:\/\/kee.fei.tuke.sk\/wp-content\/uploads\/2022\/09\/obr.1-1024x766.jpg\" alt=\"\" class=\"wp-image-1720\" srcset=\"https:\/\/kee.fei.tuke.sk\/wp-content\/uploads\/2022\/09\/obr.1-1024x766.jpg 1024w, https:\/\/kee.fei.tuke.sk\/wp-content\/uploads\/2022\/09\/obr.1-300x224.jpg 300w, https:\/\/kee.fei.tuke.sk\/wp-content\/uploads\/2022\/09\/obr.1-768x575.jpg 768w, https:\/\/kee.fei.tuke.sk\/wp-content\/uploads\/2022\/09\/obr.1-1536x1149.jpg 1536w, https:\/\/kee.fei.tuke.sk\/wp-content\/uploads\/2022\/09\/obr.1.jpg 1740w\" sizes=\"(max-width: 1024px) 100vw, 1024px\" \/><\/figure>\n\n\n\n<p>Na Obr. 1 je zn\u00e1zornen\u00e1 fotografia pracovn\u00e9ho stola \u010d.1. Na pracovnom stole s\u00fa osaden\u00e9 tri elektrick\u00e9 ochrany a&nbsp;to: SEL 751 \u2013 v\u00fdvodov\u00e1 ochrana, SEL 700G \u2013 gener\u00e1torov\u00e1 ochrana a&nbsp;SEL 387E trojbodov\u00e1 rozdielov\u00e1 ochrana. Na paneli pracovn\u00e9ho stola je taktie\u017e osaden\u00e9 sk\u00fa\u0161obn\u00e9 zariadenie od firmy SEL &#8211;&nbsp;4000. Toto sk\u00fa\u0161obn\u00e9 zariadenie sl\u00fa\u017ei na testovanie ochr\u00e1n SEL. Na tomto pracovisku sa \u0161tudenti obozn\u00e1mia s&nbsp;t\u00fdmito ochranami a&nbsp;osvoja si pr\u00e1cu s&nbsp;testovac\u00edm zariaden\u00edm SEL 4000.<\/p>\n\n\n\n<figure class=\"wp-block-image size-large\"><img loading=\"lazy\" width=\"1024\" height=\"766\" src=\"https:\/\/kee.fei.tuke.sk\/wp-content\/uploads\/2022\/09\/obr.2-1024x766.jpg\" alt=\"\" class=\"wp-image-1721\" srcset=\"https:\/\/kee.fei.tuke.sk\/wp-content\/uploads\/2022\/09\/obr.2-1024x766.jpg 1024w, https:\/\/kee.fei.tuke.sk\/wp-content\/uploads\/2022\/09\/obr.2-300x224.jpg 300w, https:\/\/kee.fei.tuke.sk\/wp-content\/uploads\/2022\/09\/obr.2-768x575.jpg 768w, https:\/\/kee.fei.tuke.sk\/wp-content\/uploads\/2022\/09\/obr.2-1536x1149.jpg 1536w, https:\/\/kee.fei.tuke.sk\/wp-content\/uploads\/2022\/09\/obr.2.jpg 1740w\" sizes=\"(max-width: 1024px) 100vw, 1024px\" \/><\/figure>\n\n\n\n<p>Na Obr. 2 je zn\u00e1zornen\u00e1 fotografia pracovn\u00e9ho stola \u010d.2. Na pracovnom stole s\u00fa osaden\u00e9 2 elektrick\u00e9 ochrany a&nbsp;to: SEL 751A \u2013 v\u00fdvodov\u00e1 ochrana, SEL 700GT \u2013 gener\u00e1torov\u00e1 ochrana. Na paneli pracovn\u00e9ho stola je taktie\u017e osaden\u00fd komunika\u010dn\u00fd procesor SEL-2032&nbsp; a&nbsp;logick\u00fd procesor SEL -2100. Na tomto pracovisku sa \u0161tudenti obozn\u00e1mia s&nbsp;t\u00fdmito ochranami a&nbsp;osvoja si pr\u00e1cu s&nbsp;testovac\u00edm zariaden\u00edm OMICRON CMC 156.<\/p>\n\n\n\n<figure class=\"wp-block-image size-large\"><img loading=\"lazy\" width=\"1024\" height=\"766\" src=\"https:\/\/kee.fei.tuke.sk\/wp-content\/uploads\/2022\/09\/obr.3-1024x766.jpg\" alt=\"\" class=\"wp-image-1722\" srcset=\"https:\/\/kee.fei.tuke.sk\/wp-content\/uploads\/2022\/09\/obr.3-1024x766.jpg 1024w, https:\/\/kee.fei.tuke.sk\/wp-content\/uploads\/2022\/09\/obr.3-300x224.jpg 300w, https:\/\/kee.fei.tuke.sk\/wp-content\/uploads\/2022\/09\/obr.3-768x575.jpg 768w, https:\/\/kee.fei.tuke.sk\/wp-content\/uploads\/2022\/09\/obr.3-1536x1149.jpg 1536w, https:\/\/kee.fei.tuke.sk\/wp-content\/uploads\/2022\/09\/obr.3.jpg 1740w\" sizes=\"(max-width: 1024px) 100vw, 1024px\" \/><\/figure>\n\n\n\n<p>Na Obr. 3 je zn\u00e1zornen\u00e1 fotografia pracovn\u00e9ho stola \u010d.3. Na pracovnom stole s\u00fa osaden\u00e9 tri elektrick\u00e9 ochrany a&nbsp;to: SEL 751A \u2013 v\u00fdvodov\u00e1 ochrana, SEL 787 \u2013 transform\u00e1torov\u00e1 ochrana a&nbsp;SEL 421 di\u0161tan\u010dn\u00e1 ochrana. Na tomto pracovisku sa \u0161tudenti obozn\u00e1mia s&nbsp;t\u00fdmito ochranami a&nbsp;osvoja si pr\u00e1cu s&nbsp;testovac\u00edm zariaden\u00edm OMICRON COMPANO 100. Na tomto pracovnom stole je u\u017e realizovan\u00e1 aj pr\u00edprava (v\u00fdrez otvorov) pre \u010fal\u0161ie zariadenia.<\/p>\n","protected":false},"excerpt":{"rendered":"<p>V\u010faka nad\u00e1cii VSE v&nbsp;r\u00e1mci projektu \u201eInov\u00e1cia v\u00fdu\u010dby z oblasti elektrick\u00fdch ochr\u00e1n v \u0161tudijnom programe &#8222;Elektroenergetika&#8220;\u201c sa na katedre elektroenergetiky vytvorili nov\u00e9 meracie pracovisk\u00e1 v&nbsp;laborat\u00f3riu elektrick\u00fdch&hellip;<\/p>\n","protected":false},"author":1,"featured_media":0,"parent":0,"menu_order":0,"comment_status":"closed","ping_status":"closed","template":"","meta":[],"_links":{"self":[{"href":"https:\/\/kee.fei.tuke.sk\/index.php?rest_route=\/wp\/v2\/pages\/1718"}],"collection":[{"href":"https:\/\/kee.fei.tuke.sk\/index.php?rest_route=\/wp\/v2\/pages"}],"about":[{"href":"https:\/\/kee.fei.tuke.sk\/index.php?rest_route=\/wp\/v2\/types\/page"}],"author":[{"embeddable":true,"href":"https:\/\/kee.fei.tuke.sk\/index.php?rest_route=\/wp\/v2\/users\/1"}],"replies":[{"embeddable":true,"href":"https:\/\/kee.fei.tuke.sk\/index.php?rest_route=%2Fwp%2Fv2%2Fcomments&post=1718"}],"version-history":[{"count":4,"href":"https:\/\/kee.fei.tuke.sk\/index.php?rest_route=\/wp\/v2\/pages\/1718\/revisions"}],"predecessor-version":[{"id":1731,"href":"https:\/\/kee.fei.tuke.sk\/index.php?rest_route=\/wp\/v2\/pages\/1718\/revisions\/1731"}],"wp:attachment":[{"href":"https:\/\/kee.fei.tuke.sk\/index.php?rest_route=%2Fwp%2Fv2%2Fmedia&parent=1718"}],"curies":[{"name":"wp","href":"https:\/\/api.w.org\/{rel}","templated":true}]}}